1220 (base 3) to base 15.
-908c
930 (base 15) to base 2
100000010110
Convert 1102 (base 8) to base 16.
242
-430433 (base 6) to base 15
-a63c
What is 200020020 (base 3) in base 7?
53514
Convert 1223230 (base 4) to base 11.
51a6
11442 (base 5) to base 6
4012
What is 66120 (base 9) in base 5?
2400324
Convert -1101101 (base 3) to base 5.
-13014
-440 (base 6) to base 11
-143
What is 366121 (base 7) in base 14?
1a581
What is 43345 (base 6) in base 14?
2265
Convert 46242 (base 7) to base 10.
11790
-1403 (base 8) to base 9
-1046
15434 (base 9) to base 10
10561
Convert -a63 (base 13) to base 3.
-2102121
What is 1677 (base 16) in base 8?
13167
What is 56 (base 13) in base 14?
51
What is -347 (base 11) in base 15?
-1c9
Convert -45 (base 16) to base 6.
-153
What is -2431 (base 7) in base 3?
-1020111
-23632 (base 7) to base 15
-1c4d
Convert 3231 (base 5) to base 11.
371
What is -82 (base 12) in base 9?
-118
What is 1ba4 (base 13) in base 5?
113230
1387 (base 10) to base 3
1220101
Convert -1113 (base 6) to base 11.
-218
Convert -36720 (base 9) to base 10.
-24642
What is 4024 (base 6) in base 2?
1101110000
8786 (base 11) to base 8
26505
What is -1331200 (base 4) in base 7?
-32263
Convert -16304 (base 7) to base 6.
-33202
Convert -122042 (base 5) to base 7.
-16356
Convert -2506 (base 8) to base 13.
-7cb
-222 (base 11) to base 4
-10022
1504 (base 10) to base 5
22004
What is 100102 (base 4) in base 7?
3016
-4046 (base 7) to base 14
-726
1020333 (base 4) to base 8
11077
-9c4 (base 13) to base 8
-3221
Convert 117201 (base 8) to base 13.
15614
What is 974 (base 12) in base 9?
1807
-388b (base 15) to base 11
-9070
What is -7b2 (base 16) in base 15?
-8b5
-2870 (base 9) to base 16
-879
-3296 (base 11) to base 10
-4340
-11011001 (base 2) to base 8
-331
What is -5555 (base 6) in base 2?
-10100001111
766 (base 8) to base 3
200121
Convert -a25 (base 12) to base 3.
-2000102
-12112 (base 3) to base 13
-b6
323414 (base 5) to base 14
4097
What is 121287 (base 9) in base 3?
10201022221
Convert 130310 (base 4) to base 12.
1098
224 (base 14) to base 2
110101000
What is 1042 (base 11) in base 4?
111201
58c1 (base 14) to base 6
155321
Convert -1010101100 (base 2) to base 5.
-10214
Convert 103313 (base 5) to base 10.
3583
-2e5e (base 15) to base 3
-111200222
What is -437 (base 10) in base 15?
-1e2
-1611 (base 7) to base 9
-786
What is -b (base 12) in base 4?
-23
Convert 1146 (base 7) to base 8.
652
What is 595 (base 12) in base 13?
4c1
Convert 2122022 (base 3) to base 6.
12525
-46d (base 16) to base 7
-3206
-11110000100101 (base 2) to base 6
-155141
What is 343 (base 16) in base 13?
4c3
176 (base 11) to base 5
1304
-433404 (base 5) to base 14
-55b0
1101200 (base 3) to base 14
529
-220200020 (base 3) to base 2
-100011001000100
Convert -51ca (base 14) to base 4.
-3130032
Convert -23636 (base 8) to base 13.
-4802
-865 (base 10) to base 6
-4001
Convert 465 (base 7) to base 10.
243
Convert -38b (base 12) to base 15.
-25e
-12560 (base 10) to base 8
-30420
Convert 22022 (base 3) to base 4.
3200
What is -3bad (base 14) in base 13?
-4a4b
101010011100 (base 2) to base 5
41331
1c3 (base 16) to base 6
2031
Convert -26527 (base 8) to base 5.
-332412
What is -70b (base 12) in base 5?
-13034
Convert 3a66 (base 14) to base 12.
5b4a
What is -70a (base 12) in base 11?
-846
Convert -20401 (base 13) to base 6.
-1123331
4b4 (base 15) to base 6
4541
What is -11300 (base 4) in base 13?
-224
Convert 7aa (base 16) to base 14.
a02
1ad (base 16) to base 9
526
-1001110 (base 3) to base 13
-471
Convert -149a (base 12) to base 7.
-10030
What is -41a3 (base 11) in base 4?
-1112312
What is -1560 (base 7) in base 16?
-276
What is 303 (base 9) in base 8?
366
What is 1234d (base 15) in base 4?
32030023
What is 132c2 (base 13) in base 9?
53808
Convert 3101003 (base 4) to base 11.
a063
1251 (base 6) to base 16
13f
Convert -5238a (base 11) to base 4.
-102220220
Convert 4105 (base 8) to base 14.
ab3
-3002 (base 6) to base 10
-650
-401 (base 5) to base 2
-1100101
What is -2000221 (base 3) in base 6?
-10511
Convert 1101321 (base 5) to base 9.
28007
603 (base 7) to base 8
451
3dc0 (base 14) to base 4
2223010
Convert -394 (base 11) to base 14.
-254
-1845 (base 11) to base 12
-1438
3256 (base 12) to base 9
7533
-1234 (base 14) to base 15
-e22
Convert 2301203 (base 4) to base 16.
2c63
Convert 11200 (base 3) to base 11.
105
What is 156 (base 13) in base 4?
3300
25585 (base 10) to base 11
1824a
-1110011 (base 3) to base 7
-3040
2854 (base 16) to base 8
24124
2304 (base 9) to base 3
2100011
What is 612 (base 8) in base 14?
202
-431 (base 12) to base 8
-1145
36614 (base 9) to base 15
7421
What is -2575 (base 16) in base 7?
-36646
Convert -55a1 (base 14) to base 15.
-45e6
What is -2414 (base 5) in base 10?
-359
Convert 1385 (base 12) to base 3.
10002202
-422 (base 11) to base 15
-23d
Convert 450 (base 12) to base 5.
10021
What is -1122001000 (base 3) in base 9?
-48030
What is 8a7 (base 13) in base 6?
10521
-12357 (base 10) to base 16
-3045
What is 530 (base 9) in base 5?
3212
Convert -2b7 (base 13) to base 9.
-602
111110010101011 (base 2) to base 8
76253
-3783 (base 10) to base 9
-5163
What is -3a2a (base 11) in base 3?
-21011220
Convert -434031 (base 6) to base 9.
-54181
What is 4427 (base 13) in base 15?
2c32
Convert -156 (base 13) to base 12.
-180
Convert 3f4 (base 16) to base 15.
477
What is -1836 (base 11) in base 4?
-210202
Convert -28376 (base 13) to base 10.
-75302
What is 202 (base 15) in base 9?
552
Convert -279 (base 14) to base 6.
-2151
Convert 2124004 (base 5) to base 2.
1000110100100001
Convert 11002220 (base 3) to base 15.
d49
What is 114022 (base 6) in base 12?
5912
-7604 (base 11) to base 3
-111210010
-6502 (base 8) to base 2
-110101000010
-2a176 (base 13) to base 8
-232776
What is -91a5 (base 11) in base 3?
-121202102
What is -17047 (base 9) in base 12?
-6937
What is 133554 (base 6) in base 2?
11000011101110
What is 47340 (base 9) in base 2?
111101110001010
What is 423 (base 14) in base 12?
57b
What is 440 (base 8) in base 9?
350
1713 (base 9) to base 7
3546
Convert -58162 (base 10) to base 13.
-20620
What is -1186 (base 12) in base 10?
-1974
What is 85810 (base 9) in base 16?
ddd6
Convert 6c3 (base 13) to base 9.
1543
728 (base 10) to base 15
338
-1001111101 (base 2) to base 4
-21331
What is ba6 (base 12) in base 4?
122232
What is 20313 (base 4) in base 13?
348
Convert 14243 (base 5) to base 6.
5314
Convert 11130103 (base 4) to base 10.
22291
What is 1523 (base 9) in base 10?
1155
What is -151 (base 11) in base 9?
-216
-1000111100 (base 2) to base 14
-2cc
What is 122021 (base 3) in base 15?
211
What is 1220 (base 3) in base 10?
51
Convert 5c92 (base 13) to base 10.
13132
What is 72376 (base 8) in base 11?
20558
Convert bc1 (base 13) to base 8.
3740
What is 835a (base 12) in base 2?
11011111110110
What is -416212 (base 7) in base 8?
-214162
What is -20622 (base 7) in base 5?
-130422
a88 (base 11) to base 3
1210101
Convert 175 (base 11) to base 15.
d8
What is -1011011 (base 3) in base 14?
-441
-2d3 (base 15) to base 14
-344
Convert -480 (base 14) to base 4.
-32000
What is -1121 (base 4) in base 9?
-108
Convert -282 (base 12) to base 4.
-12002
-21221102 (base 3) to base 12
-3425
What is -1000100001 (base 2) in base 5?
-4140
Convert -101111001 (base 2) to base 14.
-1cd
Convert -213 (base 11) to base 8.
-400
Convert 1bc1 (base 13) to base 12.
2531
What is 2d (base 14) in base 15?
2b
Convert -1000010000 (base 2) to base 8.
-1020
What is -1113 (base 7) in base 5?
-3102
Convert -1001 (base 7) to base 10.
-344
Convert 1da1 (base 15) to base 16.
1933
-492 (base 11) to base 2
-1001001001
What is 2491 (base 10) in base 6?
15311
-1708 (base 9) to base 16
-518
Convert 1963 (base 14) to base 16.
11f3
What is 50b (base 12) in base 2?
1011011011
Convert -408 (base 10) to base 8.
-630
-2013 (base 6) to base 5
-3231
Convert -1628 (base 11) to base 2.
-100000100111
What is -110243 (base 8) in base 6?
-443231
1111000010100 (base 2) to base 13
3674
Convert 1001000001 (base 2) to base 14.
2d3
Convert 33073 (base 10) to base 14.
c0a5
Convert 111011011010 (base 2) to base 6.
25334
What is 13210 (base 5) in base 9?
1402
What is -2403 (base 12) in base 2?
-111111000011
Convert -10454 (base 6) to base 12.
-a2a
Convert 1010000111111 (